554 is divided by s?
24
Suppose -3*j - 176 = -7*j. Let c(b) = 0*b - 4*b + 8 + 14 - 7 - b**2. What is the remainder when j is divided by c(0)?
14
Let y(u) = 80*u + 1257. What is the remainder when y(59) is divided by 115?
112
Suppose 0*r + 6*r = 228. Let m = 15 - 13. Suppose 147 = m*b - 153. Calculate the remainder when b is divided by r.
36
Calculate the remainder when (68/10)/(2/10) is divided by 2/18 - ((-23023)/(-117))/(-11).
16
Suppose 0 = -11400*i + 11388*i + 216. What is the remainder when 5141 is divided by i?
11
Suppose 4*t = -5*p + 26, 2*p + 4*t - 10 - 10 = 0. Let o(m) = -12 + 47 - m + m**p + 2*m. Calculate the remainder when 102 is divided by o(0).
32
Suppose 3*x = -2*p + 470, -16*p + 11*p + 3*x = -1217. Let y = p + -10. Calculate the remainder when y is divided by 26.
23
Let y = -200273 + 200351. Suppose 0 = -2*g + 3 + 5. Suppose -g*h - r + 162 = 0, h - 36 = -2*r + 4*r. Calculate the remainder when y is divided by h.
38
Let d(z) = z**3 + 5*z**2 - 11*z + 17. Let y(s) = -s**2 + 64*s - 301. Let j be y(5). Calculate the remainder when d(j) is divided by 8.
7
Let h = -11 + 47. Calculate the remainder when h is divided by 9.
0
Suppose 0 = -6*r + 2*p + 340, -13*r - 5*p - 201 = -17*r. What is the remainder when 2413 is divided by r?
53
Suppose -5*x - 4*k + 19 = 0, -4*k + 152 = 3*x + 147. What is the remainder when 9174 is divided by x?
4
Let j(p) = 52*p + 54. Let t = 77 + -42. Calculate the remainder when j(5) is divided by t.
34
Suppose 3493 = -6*q + 3913. Calculate the remainder when 315 is divided by q.
35
Let d(z) = -12*z - 13. Let a(y) = -y - 1. Let m(u) = -3*a(u) + d(u). Let j be m(-2). Suppose 3*l - 29 = -j. Calculate the remainder when 22 is divided by l.
1
Let n be 119/4 + 1/4. Let f = 64 - n. Let c = -2533 + 2546. Calculate the remainder when f is divided by c.
8
Suppose -49*h - f + 102 = -44*h, -5*f + 69 = 4*h. Calculate the remainder when 9237 is divided by h.
18
Suppose 0 = -i - 4*x + 18, -x = i - 7 - 8. Calculate the remainder when (-2 + 2 + 1)/(169/6253) is divided by i.
9
Suppose 2*j = p + 1, 0 = 5*j - 0*j + 4*p - 35. Suppose -4*l - 5*m + 770 = -163, 5*l - 1176 = -j*m. What is the remainder when l is divided by 63?
48
Let s(j) = 9*j - 1. Let p = 28831 + -28826. What is the remainder when s(5) is divided by p?
4
Let j = -1315 - -1465. Suppose 193 = 3*n + 5*p, 2*n + 5*p = -0*n + 137. What is the remainder when j is divided by n?
38
What is the remainder when 69 is divided by (-118)/(-4)*((-7 - -1) + (-144)/(-18))?
10
Calculate the remainder when 824 is divided by 94 + (-13 - -14 - 2).
80
Suppose -5 = -22*v + 39. Suppose -v*p - 297 = -13*p. Suppose -2*f + 28 = 2*f. Calculate the remainder when p is divided by f.
6
Suppose -81*w + 73*w = -56. Suppose -4*c - 1344 = -w*c - 3*d, 5*d = 5*c - 2240. Calculate the remainder when c is divided by 18.
16
Suppose 0 = 51*j + 141 - 1524 + 108. Calculate the remainder when 1141 is divided by j.
16
Suppose 0*g = 2*g - 296. Suppose y + 5*b = 89, 5*y + 594*b - 205 = 593*b. Calculate the remainder when g is divided by y.
31
Suppose -5*v + 5*x + 220 = 0, 8*x = -5*v + 3*x + 240. Calculate the remainder when 1389 is divided by v.
9
Let w(b) = -2*b**2 - 36*b - 2. Let k be w(-18). Calculate the remainder when 31 is divided by k/14 + (-2413)/(-133).
13
Suppose 3*s - 5*x - 621 = 173, -991 = -4*s - 3*x. Suppose -3*f + w + 54 = -40, 0 = -5*f + 4*w + 152. Calculate the remainder when s is divided by f.
29
Suppose 11*p = 7*p + 76. Let y = -2005 + 2420. What is the remainder when y is divided by p?
16
Let m(b) = -b**3 + 2*b**2 + 5*b + 8. Suppose 39*i - 26 - 91 = 0. What is the remainder when 27 is divided by m(i)?
13
Suppose -41 + 26 = -3*c. Let i(u) = 9*u - 34. Let v be i(c). Let y = 14 - v. What is the remainder when 14 is divided by y?
2
What is the remainder when 873 is divided by 4400/(-66)*(-81)/36?
123
Suppose 46*z - 5*g = 48*z - 63, 4*g = -12. Calculate the remainder when 3349 is divided by z.
34
Calculate the remainder when 256/1664 + (-1 - (-9003)/39) is divided by 27.
14
Suppose -2*g + 3*r + 59 = 0, -g + 3*r - 10 + 41 = 0. Let u be (344/(-6))/(4/(-6)). Let c = g + u. Calculate the remainder when c is divided by 29.
27
Suppose 11303 = 3*t + t - 3*q, 4*q = -3*t + 8471. What is the remainder when t is divided by 64?
9
Suppose -5*n = -322 - 628. Suppose 0 = -i - 770 + 774. Suppose l + 2 = -5*u + 9, i*l - 153 = 5*u. What is the remainder when n is divided by l?
30
Let y(m) = -m**2 + 8*m - 19. Let c(j) = 4*j**2 - 7*j + 17. Let k(f) = 7*c(f) + 6*y(f). What is the remainder when 151 is divided by k(1)?
21
Let d(s) = 18*s**2 + 15*s - 63. Let m be d(5). Suppose 4*o + m = 25*o. Calculate the remainder when 85 is divided by o.
19
Suppose -6 = 2*d - 2*q - 36, 4*q = -3*d + 38. What is the remainder when 8636 is divided by d?
12
Let o be 40700/37*(3 + -1). Suppose -14*y + o = -3*y. What is the remainder when y is divided by 34?
30
Suppose k = -3*k + 48. Suppose -27*o + 37 - 739 = 0. Let a(b) = 2*b**3 + 53*b**2 + 26*b + 19. Calculate the remainder when a(o) is divided by k.
7
Let f = 292 - 287. Suppose -f*s = -30 - 30. What is the remainder when 358 is divided by s?
10
Suppose 11*w = 15*w + 92. Let d = 34 + w. Calculate the remainder when 27 is divided by d.
5
Suppose 5*y - u - 606 = 0, -16*u - 2 = -14*u. What is the remainder when 5321 is divided by y?
118
Let p(n) = 0*n + 6*n - 5*n + 0*n. Let l be p(0). Suppose 0 = -c + 2, -5*b + b + 3*c + 114 = l. What is the remainder when b is divided by 17?
13
Let p(o) = -9*o**3 - 15*o**2 - 73*o + 2. What is the remainder when p(-9) is divided by 143?
142
Suppose -4*k = 5*p - 0*p - 69, 0 = -k - p + 17. Suppose 2 = -c - 3, -176 = 2*i - 2*c. Let f = 99 + i. Calculate the remainder when k is divided by f.
4
Let h(t) = -16*t**2 + 26*t + 313. Let q(v) = 7*v**2 - 12*v - 157. Let w(f) = -4*h(f) - 9*q(f). Calculate the remainder when w(0) is divided by 11.
7
Let v(u) = 2*u**3 - 45*u**2 + 24*u - 33. What is the remainder when 234 is divided by v(22)?
3
Suppose 5*l + 58 = -3*v, v - l = -8 + 2. Let t = 964 - 937. Let z = t - v. What is the remainder when z is divided by 10?
8
Let a = 2 + 7. Let u(s) = s**3 - 9*s**2 + 4. What is the remainder when 17 is divided by u(a)?
1
Suppose -2*v - 82 = -2*t, 2*t = -5*v + 3*v + 70. Let r(o) = -2*o**2 + 43*o + 133. Calculate the remainder when r(24) is divided by t/6 - 2/(-3).
6
Suppose 18 = 3*i - 0*i. Let y be 62/93 + ((-80)/i)/2. Calculate the remainder when (238/y)/((-18)/54) is divided by 30.
29
Calculate the remainder when 2 + 9/(-6) + 8/((-160)/(-20610)) is divided by 14.
9
Let q(o) = o**2 - 6*o - 7. Let l be q(6). Let i(z) = z**2 + 0*z**2 + 10 - 24*z + 30*z + 0. What is the remainder when 134 is divided by i(l)?
15
Let v(k) = -9*k - 21. Let g(r) = -5*r - 10. Let j(q) = -5*g(q) + 2*v(q). What is the remainder when j(2) is divided by 12?
10
Suppose -2*h = 5*i - 41, 4*i = 5*h - 16 + 29. What is the remainder when (-19)/(-3)*(-5)/(5/(-57)) is divided by i?
4
Let q be 11 - -26 - (10 + -1). Suppose 3*l = 4*z + 400, l - 3*z - 163 = -q. Calculate the remainder when l is divided by 17.
13
Let m = -374 - -730. Suppose 0 = 11*z - 15*z + m. Calculate the remainder when z is divided by 24.
17
Let i be (-10)/(-1) + 175/35. Suppose 3*t + 6 - i = 0, -5*t = -2*v + 33. What is the remainder when 60 is divided by v?
12
Let h(x) be the second derivative of x**4/12 - 7*x**3/6 - 20*x**2 - 79*x. What is the remainder when 136 is divided by h(12)?
16
Suppose -690 = -10*q - 0*q. Suppose -17*z + 271 + q = 0. What is the remainder when 74 is divided by z?
14
What is the remainder when (78/(-52)*(-59)/3)/((-4)/(-8)) is divided by 4?
3
Suppose 0*z = -z + 5*b + 23, 5*z - b - 43 = 0. What is the remainder when 20 is divided by (z/9)/(1/9)?
4
Suppose 150 = 4*s - 5*d, 2*d + 2*d - 167 = -5*s. What is the remainder when 46 is divided by (-46)/(-5) + (-7)/s?
1
Suppose 2*f + 42*f - 19710 - 3874 = 0. Calculate the remainder when f is divided by 13.
3
Suppose 0 = 30*v - 262 + 22. What is the remainder when v/(-10)*(-345)/6 is divided by -18*(8/(-3) - -2)?
10
Let n(q) = q**2 + 2*q + 1. Let u be n(-1). Suppose u = -5*b + 31 + 4. What is the remainder when ((-20)/8)/((-79)/632) is divided by b?
6
Let l(u) = 2*u**3 + u**2 - 158*u + 89. Let j = 41 + 2. Calculate the remainder whe